 j(k) = -2*k**2 - 8*k - 6. Let x(n) = -11*j(n) - 2*p(n). Let h be x(-3). What is the highest common divisor of 8 and h?
8
Suppose -57316 - 224750 = -5*s - 2*i, i - 225648 = -4*s. What is the highest common factor of s and 10?
10
Let l be -1*(-2408)/(-140)*(-34 - 1). Calculate the highest common factor of 56 and l.
14
Let h be 3450/525 + ((-8)/(-14))/(-1). Let p be 0 - (126/(-3) + 3). What is the highest common divisor of p and h?
3
Let r(c) = 3*c**2 - c + 4. Let u be r(-5). Let a = -5542 + 5584. What is the highest common factor of a and u?
42
Let z(r) = r**3 + 8*r**2 + 2*r - 3. Let j be z(-4). Let y = 1069 - 1009. Let i = y - j. What is the greatest common divisor of 7 and i?
7
Let o = -1121 + 1153. Calculate the greatest common divisor of o and 1296.
16
Suppose -5*j + 4*j + 4185 = 14*j. What is the greatest common factor of j and 961?
31
Let h(f) = f**3 + 9*f**2 + 10*f - 8. Let s be h(-5). Let x(d) = d**2 + 2. Suppose 4 = -i + 2. Let v be x(i). What is the highest common divisor of s and v?
6
Let p(f) = f**2 + 130*f + 2807. Let c be p(-105). Calculate the highest common divisor of 754 and c.
26
Suppose 2*n - 5*g = 440, 77 + 1023 = 5*n - g. What is the highest common divisor of n and 649?
11
Let x = -222 + 222. Suppose -4 = -3*m - c + 3, 4*m - 4*c - 4 = x. Let d(h) = h**2 - 2*h + 1. Let w be d(2). Calculate the highest common divisor of m and w.
1
Suppose 21*t + 951 = -141. Suppose 3*j + 0 - 3 = 0. Let r be 6/(-2) - j - t. Calculate the highest common factor of r and 6.
6
Let o be ((-15)/(-9))/(26/624). Suppose -5*y + 0*z = z + 189, 5*y - z + 191 = 0. Let d be y/(-4) - 6/4. Calculate the greatest common factor of d and o.
8
Suppose 3*k + 38 = -4*z + 58, 4*k + 5 = z. Suppose z*m = 654 + 571. What is the highest common factor of 196 and m?
49
Let j(l) = -35*l**2 - 213*l + 3. Let y be j(-4). What is the highest common divisor of 295 and y?
295
Suppose 0 = 2*q - q - 6*q + 5955. Calculate the greatest common factor of 6 and q.
3
Let i(n) = -596*n - 2980. Let t be i(-13). Calculate the greatest common factor of 32 and t.
32
Let f(n) = -n + 3. Let s be f(-3). Suppose -560*a + 469*a = 611*a - 6318. Calculate the greatest common divisor of s and a.
3
Let t(j) = j**2 + 349*j + 2496. Let d be t(0). What is the highest common factor of d and 546?
78
Suppose -2*b + 15972 = 3*y, 2*b + 2*y + 31992 = 6*b. What is the greatest common divisor of 492 and b?
123
Let d(g) be the third derivative of 9*g**4/8 - 323*g**3/6 - 2*g**2 - 143*g. Let m be d(13). What is the greatest common factor of 266 and m?
14
Let i(o) = -74*o + 1849. Let n be i(7). What is the highest common factor of n and 22?
11
Let v(g) = -71*g - 4376. Let k be v(-88). Calculate the highest common divisor of 18 and k.
18
Suppose 0 = b + 3*p - 111, 4*b = -0*b + p + 379. Suppose y + 3*r = 64, 88*r - 192 = -3*y + 85*r. Calculate the greatest common divisor of b and y.
32
Let f(m) = 16*m**2 + 144*m - 1585. Let d be f(11). What is the highest common factor of 86 and d?
43
Suppose -815 = -3*r + 2*j - j, 2*j = -10. Suppose 0*h - 6*h = -r. Let y = h - 29. Calculate the highest common factor of y and 144.
16
Let s(y) = -y**3 - 9*y**2 - 9*y + 17. Suppose 4*b + 4 = -12, -3*u = -3*b + 12. Let k be s(u). Let m = 13 + -8. What is the greatest common divisor of m and k?
5
Let h(m) = 15*m + 1048. Let d be h(-68). What is the greatest common factor of 847 and d?
7
Let p(t) = -2*t**3 + 47*t**2 - 102*t - 47. Let x be p(21). Calculate the greatest common factor of x and 776.
8
Let u = -7638 + 2148. Let y be (3 - 2)/(-6*5/u). Suppose 9 = -5*d - 2*s + y, -2*d = 4*s - 60. What is the greatest common factor of 60 and d?
12
Let m(h) = 23*h - 497. Let d be m(22). What is the highest common factor of 1629 and d?
9
Let w be (-4301)/(-187) - (-1)/(-1). What is the highest common divisor of w and 594?
22
Let y(k) = 7*k - 362. Let a be y(61). What is the greatest common divisor of 1625 and a?
65
Let z(c) = 15*c**2 + 8*c + 246. Let m be z(-29). What is the greatest common divisor of m and 173?
173
Let q(g) = -g**3 - 10*g**2 - 11*g - 16. Suppose -207 = 22*x + x. Let b be q(x). Calculate the greatest common factor of b and 2.
2
Suppose 2*o + 5*q = 28, 11*q - 13*q = -4*o + 104. What is the greatest common factor of o and 60?
12
Suppose 4*r - d - 2601 = 0, -3055 + 3040 = -5*d. What is the highest common factor of r and 2325?
93
Let m = 656 - 605. Let z = -7 + 9. Let w be (z - -40) + -4 - 4. Calculate the greatest common divisor of m and w.
17
Suppose -2*b = -171 + 73. Suppose b = 17*m - 87. What is the greatest common divisor of m and 200?
8
Let r(v) = 13*v - 40. Let h(l) = -77*l + 238. Let u(x) = 6*h(x) + 35*r(x). Let d be u(-7). What is the highest common divisor of 14 and d?
7
Suppose -787*r = -793*r + 5940. What is the greatest common factor of 186 and r?
6
Let z(p) = -p**3 - 10*p**2 + 21*p + 38. Let m be z(-14). Suppose 31*n = 25*n + m. Calculate the greatest common factor of n and 55.
11
Let x be 37/(3330/(-5832))*(-2540)/6. Calculate the greatest common factor of x and 27.
27
Suppose 4*g = 4*n + 120, 110 = 2*g + 4*n + 20. What is the highest common factor of 455 and g?
35
Suppose i - 66 = 6. Suppose 4*t - 19 = -11. Let r(p) = 6*p**2 - 2*p + 4. Let u be r(t). What is the highest common divisor of u and i?
24
Let k = 415 - 419. Let h be 3/(-5 - ((-1445)/160 - k)). Calculate the highest common divisor of h and 672.
96
Suppose -5*s + 650 = 2*u, 437*u - 3*s = 435*u + 698. Calculate the greatest common divisor of 60 and u.
20
Suppose 0 = -2*g + 62 - 54. Suppose 15 = -3*m, m = -5*z - g*m + 290. What is the greatest common factor of 693 and z?
63
Let o = -107 - -110. Suppose -5*f = -7*f - g + 56, 33 = f + o*g. Calculate the highest common factor of 27 and f.
27
Suppose 4 = -6*k + 4*k. Let i be (-4 - -2) + (k + 446 - 2). Suppose 0 = 4*h + h - i. Calculate the greatest common divisor of h and 8.
8
Let a(v) = 23*v + 104. Let g be a(2). Calculate the greatest common divisor of 1725 and g.
75
Suppose i - 120 = -5*i. Let v be 0 + -4 + 0 + i. Let z = 62 + 2. What is the greatest common divisor of z and v?
16
Let l be 18/12*168/3. Let h(y) = -251*y**3 + 5*y**2 + 5*y + 1. Let o be h(-1). Let v be o/8*4/3. What is the highest common factor of v and l?
42
Let i = -109 + 584. Suppose -13113*x + 13115*x = -3*g + 81, 5*g = 2*x + 119. Calculate the highest common divisor of i and g.
25
Let k = 109088 + -108960. Let a = -545 + 993. What is the highest common factor of a and k?
64
Let k = 1221 - 1065. Let p = -387 - -504. Calculate the highest common factor of p and k.
39
Let f = -104 - -132. Suppose -107*x = -104*x - 105. What is the highest common factor of f and x?
7
Let r(f) = 4*f**2 + 184*f - 1370. Let w be r(-72). Calculate the greatest common factor of 483 and w.
161
Suppose 0 = 5*x + 5*o - 730, 472 + 290 = 5*x - 3*o. What is the greatest common factor of x and 6250?
50
Suppose 2*l - 152 = -m, -2*l + 87 = -2*m - 47. What is the highest common factor of l and 34967?
73
Let s(v) = 11*v**2 + 25 - 14*v - 10*v**2 + 4*v - 12*v. Let j be s(20). Let w be 6/j + (-372)/(-30). Calculate the highest common divisor of w and 8.
4
Suppose -1789039 - 3017911 - 296808 = -226*s. Calculate the greatest common factor of s and 11.
11
Suppose 58*w - 3*a = 57*w + 205, 4*w + 5*a - 820 = 0. Calculate the highest common divisor of 1025 and w.
205
Let b(a) = a**3 - 6*a**2 - 10*a + 25. Let j be b(7). Suppose -4*u + 4*l - 3*l = -216, u = -j*l + 54. Calculate the highest common divisor of u and 18.
18
Let k(l) = 2*l**2 + 62*l - 441. Let j be k(-48). What is the highest common factor of j and 3?
3
Suppose u = 4*u - 360. Let h be (-1 - (-8)/7) + 835/35. Suppose 4*z = -h + u. Calculate the greatest common factor of z and 16.
8
Suppose -7*i = -8*i + f - 14, 0 = 3*i - 2*f + 42. Let n be (-42)/(-294) - 1398/i. What is the greatest common factor of 275 and n?
25
Let l(n) = 226*n**3 + 7*n**2 - 17*n - 34. Let z be l(3). What is the highest common divisor of z and 114?
38
Suppose 0 = -2*d + 170. Let x(k) = -k**3 - 29*k**2 - 50*k - 40. Let f be x(-27). Let j = -114 - f. What is the highest common factor of d and j?
17
Let p = -426 - -422. Let a be 4*2/p - 65/(-13). Calculate the highest common factor of a and 105.
3
Suppose -5*j + 3*o - 10 + 15 = 0, 3*j = -5*o + 37. Suppose -j*q 